{"id":20,"date":"2023-06-24T20:11:15","date_gmt":"2023-06-24T20:11:15","guid":{"rendered":"http:\/\/mvd-molnar.de\/?page_id=20"},"modified":"2023-08-07T20:42:45","modified_gmt":"2023-08-07T18:42:45","slug":"maschinenverleih","status":"publish","type":"page","link":"https:\/\/mvd-molnar.de\/?page_id=20","title":{"rendered":"Maschinenverleih"},"content":{"rendered":"\n<figure class=\"wp-block-table\"><table><tbody><tr><td><img decoding=\"async\" class=\"wp-image-18\" style=\"width: 150px;\" src=\"http:\/\/tempmol.dantuid.eu\/wp-content\/uploads\/2023\/03\/4137181_building_construction_excavator_industry_icon.png\" alt=\"\"><strong><mark style=\"background-color:rgba(0, 0, 0, 0)\" class=\"has-inline-color has-vivid-red-color\">Scheaff TC 22<\/mark><\/strong><br><br><strong>Einsatzgewicht:&nbsp;<\/strong>2200 KG<br><strong>H\u00f6he:&nbsp;<\/strong>2,29m<br><strong>Breite:<\/strong>&nbsp;0,99m<br><strong>Ausstattung:<\/strong>&nbsp;Verschiedene Schaufeln m\u00f6glich, Arbeitsscheinwerfer,&nbsp;&nbsp;<br>Rundumleuchte, verstellbares von 0,99m Fahrwerk auf &lt;XXX&gt; ausfahrbar<br><br><strong>Preis:<\/strong>&nbsp;110\u20ac inkl. MwSt. pro Tag (zzgl. Anlieferung)<br><br><strong>m\u00f6gliche Zusatzger\u00e4te: <\/strong>Hydraulikhammer, Schwenkschaufel, Kegelspalter, Erdbohrer auf Anfrage<\/td><td><img loading=\"lazy\" decoding=\"async\" width=\"652\" height=\"489\" class=\"wp-image-52\" style=\"width: 652px;\" src=\"http:\/\/mvd-molnar.de\/wp-content\/uploads\/2023\/06\/IMG_8510-scaled.jpg\" alt=\"\" srcset=\"https:\/\/mvd-molnar.de\/wp-content\/uploads\/2023\/06\/IMG_8510-scaled.jpg 2560w, https:\/\/mvd-molnar.de\/wp-content\/uploads\/2023\/06\/IMG_8510-300x225.jpg 300w, https:\/\/mvd-molnar.de\/wp-content\/uploads\/2023\/06\/IMG_8510-1024x768.jpg 1024w, https:\/\/mvd-molnar.de\/wp-content\/uploads\/2023\/06\/IMG_8510-768x576.jpg 768w, https:\/\/mvd-molnar.de\/wp-content\/uploads\/2023\/06\/IMG_8510-1536x1152.jpg 1536w, https:\/\/mvd-molnar.de\/wp-content\/uploads\/2023\/06\/IMG_8510-2048x1536.jpg 2048w\" sizes=\"(max-width: 652px) 100vw, 652px\" \/><\/td><\/tr><tr><td><img loading=\"lazy\" decoding=\"async\" width=\"680\" height=\"510\" class=\"wp-image-57\" style=\"width: 680px;\" src=\"http:\/\/mvd-molnar.de\/wp-content\/uploads\/2023\/06\/IMG_0847-scaled.jpg\" alt=\"\" srcset=\"https:\/\/mvd-molnar.de\/wp-content\/uploads\/2023\/06\/IMG_0847-scaled.jpg 2560w, https:\/\/mvd-molnar.de\/wp-content\/uploads\/2023\/06\/IMG_0847-300x225.jpg 300w, https:\/\/mvd-molnar.de\/wp-content\/uploads\/2023\/06\/IMG_0847-1024x768.jpg 1024w, https:\/\/mvd-molnar.de\/wp-content\/uploads\/2023\/06\/IMG_0847-768x576.jpg 768w, https:\/\/mvd-molnar.de\/wp-content\/uploads\/2023\/06\/IMG_0847-1536x1152.jpg 1536w, https:\/\/mvd-molnar.de\/wp-content\/uploads\/2023\/06\/IMG_0847-2048x1536.jpg 2048w\" sizes=\"(max-width: 680px) 100vw, 680px\" \/><\/td><td><mark style=\"background-color:rgba(0, 0, 0, 0)\" class=\"has-inline-color has-vivid-red-color\"><strong>Yanmar VIO 10<\/strong><br><\/mark><br><strong>Einsatzgewicht:&nbsp;<\/strong>1220 KG<br><strong>H\u00f6he:&nbsp;<\/strong>1,42m<br><strong>Breite:&nbsp;<\/strong>0,83m<br><strong>Ausstattung:<\/strong>&nbsp;Verschiedene Schaufeln m\u00f6glich, Arbeitsscheinwerfer, Klappbarer \u00dcberrollb\u00fcgel,<br>verstellbares Fahrwerk von 83cm auf &lt;XXX&gt; ausfahrbar<br><br><strong>Preis:&nbsp;<\/strong>100\u20ac inkl. MwSt. pro Tag (zzgl. Anlieferung)<br><br><strong>m\u00f6gliche Zusatzger\u00e4te:<\/strong>&nbsp;Hydraulikhammer, Schwenkschaufel, Kegelspalter,<br>Erdbohrer auf Anfrage<\/td><\/tr><tr><td><mark style=\"background-color:rgba(0, 0, 0, 0)\" class=\"has-inline-color has-vivid-red-color\"><strong>Jansen Dumper RD500<\/strong><br><\/mark><br><strong>Einsatzgewicht:<\/strong>&nbsp;400 KG<br><strong>H\u00f6he:&nbsp;<\/strong>1,4m<br><strong>Breite:<\/strong>&nbsp;0,72m<br><strong>Zusatzausr\u00fcstung<\/strong>: Aufsteckboardwand f\u00fcr mehr Volumen in der Mulde<br><strong>Ausstattung:<\/strong>&nbsp;Bis zu 500 KG zuladung, Schnellgang f\u00fcr weite Strecken<br><strong>Preis:<\/strong>&nbsp;65\u20ac inkl. MwSt. Pro Tag (zzgl. Anlieferung)<\/td><td><\/td><\/tr><tr><td><img loading=\"lazy\" decoding=\"async\" width=\"381\" height=\"508\" class=\"wp-image-62\" style=\"width: 381px;\" src=\"http:\/\/mvd-molnar.de\/wp-content\/uploads\/2023\/06\/IMG_0244-scaled.jpg\" alt=\"\" srcset=\"https:\/\/mvd-molnar.de\/wp-content\/uploads\/2023\/06\/IMG_0244-scaled.jpg 1920w, https:\/\/mvd-molnar.de\/wp-content\/uploads\/2023\/06\/IMG_0244-225x300.jpg 225w, https:\/\/mvd-molnar.de\/wp-content\/uploads\/2023\/06\/IMG_0244-768x1024.jpg 768w, https:\/\/mvd-molnar.de\/wp-content\/uploads\/2023\/06\/IMG_0244-1152x1536.jpg 1152w, https:\/\/mvd-molnar.de\/wp-content\/uploads\/2023\/06\/IMG_0244-1536x2048.jpg 1536w\" sizes=\"(max-width: 381px) 100vw, 381px\" \/><\/td><td><strong><mark style=\"background-color:rgba(0, 0, 0, 0)\" class=\"has-inline-color has-vivid-red-color\">Hydraulikhammer<\/mark><\/strong><br><br><strong>Gewichtsklasse Tr\u00e4gerger\u00e4t:<\/strong>\u00a01200-2500 KG<br><strong>Einsatzgewicht:<\/strong>\u00a0120 KG<br><strong>Mei\u00dfel Durchmesser:<\/strong>\u00a040mm<br><strong>Aufnahmeplatte:<\/strong>\u00a0MS01<br><strong>Verschlauchung:<\/strong> Schlauch und Schraubkupplung BG3<\/td><\/tr><tr><td><strong><mark style=\"background-color:rgba(0, 0, 0, 0)\" class=\"has-inline-color has-vivid-red-color\">Kegelspalter<\/mark><\/strong><br><br><strong>Gewichtsklasse:\u00a0<\/strong>1000 &#8211; 2500 KG<br><strong>Einsatzgewicht:<\/strong>\u00a073 KG<br><br><strong>Kegeldurchmesser:<\/strong><br><strong>Aufnahmeplatte:<\/strong>\u00a0MS01<br><strong>Verschlauchung:<\/strong>\u00a0Schlauch und Schraubkupplung BG3<\/td><td><img loading=\"lazy\" decoding=\"async\" width=\"609\" height=\"457\" class=\"wp-image-58\" style=\"width: 609px;\" src=\"http:\/\/mvd-molnar.de\/wp-content\/uploads\/2023\/06\/IMG_0227ds-scaled.jpg\" alt=\"\" srcset=\"https:\/\/mvd-molnar.de\/wp-content\/uploads\/2023\/06\/IMG_0227ds-scaled.jpg 2560w, https:\/\/mvd-molnar.de\/wp-content\/uploads\/2023\/06\/IMG_0227ds-300x225.jpg 300w, https:\/\/mvd-molnar.de\/wp-content\/uploads\/2023\/06\/IMG_0227ds-1024x768.jpg 1024w, https:\/\/mvd-molnar.de\/wp-content\/uploads\/2023\/06\/IMG_0227ds-768x576.jpg 768w, https:\/\/mvd-molnar.de\/wp-content\/uploads\/2023\/06\/IMG_0227ds-1536x1152.jpg 1536w, https:\/\/mvd-molnar.de\/wp-content\/uploads\/2023\/06\/IMG_0227ds-2048x1536.jpg 2048w\" sizes=\"(max-width: 609px) 100vw, 609px\" \/><\/td><\/tr><tr><td><img loading=\"lazy\" decoding=\"async\" width=\"534\" height=\"401\" class=\"wp-image-55\" style=\"width: 534px;\" src=\"http:\/\/mvd-molnar.de\/wp-content\/uploads\/2023\/06\/IMG_8497-scaled.jpg\" alt=\"\" srcset=\"https:\/\/mvd-molnar.de\/wp-content\/uploads\/2023\/06\/IMG_8497-scaled.jpg 2560w, https:\/\/mvd-molnar.de\/wp-content\/uploads\/2023\/06\/IMG_8497-300x225.jpg 300w, https:\/\/mvd-molnar.de\/wp-content\/uploads\/2023\/06\/IMG_8497-1024x768.jpg 1024w, https:\/\/mvd-molnar.de\/wp-content\/uploads\/2023\/06\/IMG_8497-768x576.jpg 768w, https:\/\/mvd-molnar.de\/wp-content\/uploads\/2023\/06\/IMG_8497-1536x1152.jpg 1536w, https:\/\/mvd-molnar.de\/wp-content\/uploads\/2023\/06\/IMG_8497-2048x1536.jpg 2048w\" sizes=\"(max-width: 534px) 100vw, 534px\" \/><\/td><td><strong><mark style=\"background-color:rgba(0, 0, 0, 0)\" class=\"has-inline-color has-vivid-red-color\">R\u00fcttelplatte<\/mark><\/strong><br><br><strong>Einsatzgewicht:<\/strong>&nbsp;92 KG<br><br><strong>Ausstattung:<\/strong>&nbsp;Gummimatte f\u00fcr Pflasterarbeiten, Fahrwerk f\u00fcr leichten Transport<br><br>Transportieren<br><strong>Plattenbreite:<\/strong>&nbsp;42 cm<\/td><\/tr><tr><td><strong><mark style=\"background-color:rgba(0, 0, 0, 0)\" class=\"has-inline-color has-vivid-red-color\">R\u00fcttelplatte Baumax<br><\/mark><\/strong><br><strong>Einsatzgewicht:<\/strong>&nbsp;163 KG<br><strong>Ausstattung:<\/strong>&nbsp;Gummimatte f\u00fcr Pflasterarbeiten, Fahrwerk f\u00fcr leichten Transport<br><strong>Plattenbreite:<\/strong>&nbsp;50cm<\/td><td><\/td><\/tr><tr><td><img loading=\"lazy\" decoding=\"async\" width=\"568\" height=\"426\" class=\"wp-image-54\" style=\"width: 568px;\" src=\"http:\/\/mvd-molnar.de\/wp-content\/uploads\/2023\/06\/IMG_8501-scaled.jpg\" alt=\"\" srcset=\"https:\/\/mvd-molnar.de\/wp-content\/uploads\/2023\/06\/IMG_8501-scaled.jpg 2560w, https:\/\/mvd-molnar.de\/wp-content\/uploads\/2023\/06\/IMG_8501-300x225.jpg 300w, https:\/\/mvd-molnar.de\/wp-content\/uploads\/2023\/06\/IMG_8501-1024x768.jpg 1024w, https:\/\/mvd-molnar.de\/wp-content\/uploads\/2023\/06\/IMG_8501-768x576.jpg 768w, https:\/\/mvd-molnar.de\/wp-content\/uploads\/2023\/06\/IMG_8501-1536x1152.jpg 1536w, https:\/\/mvd-molnar.de\/wp-content\/uploads\/2023\/06\/IMG_8501-2048x1536.jpg 2048w\" sizes=\"(max-width: 568px) 100vw, 568px\" \/><\/td><td><strong><mark style=\"background-color:rgba(0, 0, 0, 0)\" class=\"has-inline-color has-vivid-red-color\">Stampfer<\/mark><\/strong><br><br><strong>Einsatzgewicht:&nbsp;<\/strong>89 KG<br><br><strong>Ausstattung:&nbsp;<\/strong>Fahrwerk f\u00fcr leichtes Transportieren<br><strong>Plattenbreite:<\/strong>&nbsp;28,5 cm<\/td><\/tr><tr><td><strong><mark style=\"background-color:rgba(0, 0, 0, 0)\" class=\"has-inline-color has-vivid-red-color\">Steins\u00e4ge Baumax<\/mark><\/strong><br><br><strong>Gewicht:<\/strong>&nbsp;70 KG<br><strong>max. Schnitttiefe:<\/strong>&nbsp;110 mm bei 90\u00b0 \/ 60 mm bei 45\u00b0<br><strong>max. Schnittl\u00e4nge:&nbsp;<\/strong>80cm<br><strong>Steinart:<\/strong>&nbsp;Randsteinen, Betonpflaster, Klinker, Randsteine \/ Rasenkantensteine, Fliesen, Terrassenplatten, Natursteinpflaster, Kalksandstein, Dachziegeln, usw.<\/td><td><\/td><\/tr><tr><td><\/td><td><strong><mark style=\"background-color:rgba(0, 0, 0, 0)\" class=\"has-inline-color has-vivid-red-color\">Schwenkschaufeln<\/mark><\/strong><br><br><strong>Gewichtsklasse Tr\u00e4gerger\u00e4t:<\/strong><br><strong>Aufnahme:<\/strong>&nbsp;MS01<br><br><strong>Leergewicht:<\/strong><br><strong>Breite:<\/strong>&nbsp;80cm\/100cm<\/td><\/tr><tr><td><mark style=\"background-color:rgba(0, 0, 0, 0)\" class=\"has-inline-color has-vivid-red-color\"><strong>Starrel\u00f6ffel<\/strong><\/mark><br><br><strong>Gewichtsklasse Tr\u00e4gerger\u00e4t:<\/strong><br><strong>Aufnahme:<\/strong>&nbsp;MS01<br><strong>Breiten:<\/strong>&nbsp;300cm, 400cm, 500cm, 600cm<\/td><td><\/td><\/tr><tr><td><\/td><td><mark style=\"background-color:rgba(0, 0, 0, 0)\" class=\"has-inline-color has-vivid-red-color\"><strong>Erdbohrer<\/strong><\/mark><br><br><strong>Eigengewicht:<\/strong>&nbsp;11,5 KG<br><br><strong>Bohrer gr\u00f6\u00dfen:<\/strong>&nbsp;100cm\/150cm\/200cm<br><br><strong>Bohr tiefe:&nbsp;<\/strong>100cm<\/td><\/tr><\/tbody><\/table><\/figure>\n\n\n\n<p><\/p>\n","protected":false},"excerpt":{"rendered":"<p>Scheaff TC 22 Einsatzgewicht:&nbsp;2200 KGH\u00f6he:&nbsp;2,29mBreite:&nbsp;0,99mAusstattung:&nbsp;Verschiedene Schaufeln m\u00f6glich, Arbeitsscheinwerfer,&nbsp;&nbsp;Rundumleuchte, verstellbares von 0,99m Fahrwerk auf &lt;XXX&gt; ausfahrbar Preis:&nbsp;110\u20ac inkl. MwSt. pro Tag (zzgl. Anlieferung) m\u00f6gliche Zusatzger\u00e4te: Hydraulikhammer, Schwenkschaufel, Kegelspalter, Erdbohrer auf Anfrage Yanmar VIO 10Einsatzgewicht:&nbsp;1220 KGH\u00f6he:&nbsp;1,42mBreite:&nbsp;0,83mAusstattung:&nbsp;Verschiedene Schaufeln m\u00f6glich, Arbeitsscheinwerfer, Klappbarer \u00dcberrollb\u00fcgel,verstellbares Fahrwerk<\/p>\n","protected":false},"author":1,"featured_media":0,"parent":0,"menu_order":0,"comment_status":"closed","ping_status":"closed","template":"","meta":{"two_page_speed":[],"footnotes":""},"_links":{"self":[{"href":"https:\/\/mvd-molnar.de\/index.php?rest_route=\/wp\/v2\/pages\/20"}],"collection":[{"href":"https:\/\/mvd-molnar.de\/index.php?rest_route=\/wp\/v2\/pages"}],"about":[{"href":"https:\/\/mvd-molnar.de\/index.php?rest_route=\/wp\/v2\/types\/page"}],"author":[{"embeddable":true,"href":"https:\/\/mvd-molnar.de\/index.php?rest_route=\/wp\/v2\/users\/1"}],"replies":[{"embeddable":true,"href":"https:\/\/mvd-molnar.de\/index.php?rest_route=%2Fwp%2Fv2%2Fcomments&post=20"}],"version-history":[{"count":5,"href":"https:\/\/mvd-molnar.de\/index.php?rest_route=\/wp\/v2\/pages\/20\/revisions"}],"predecessor-version":[{"id":122,"href":"https:\/\/mvd-molnar.de\/index.php?rest_route=\/wp\/v2\/pages\/20\/revisions\/122"}],"wp:attachment":[{"href":"https:\/\/mvd-molnar.de\/index.php?rest_route=%2Fwp%2Fv2%2Fmedia&parent=20"}],"curies":[{"name":"wp","href":"https:\/\/api.w.org\/{rel}","templated":true}]}}

<figure class="wp-block-table"><table><tbody><tr><td><img decoding="async" class="wp-image-18" style="width: 150px;" src="http://tempmol.dantuid.eu/wp-content/uploads/2023/03/4137181_building_construction_excavator_industry_icon.png" alt=""><strong><mark style="background-color:rgba(0, 0, 0, 0)" class="has-inline-color has-vivid-red-color">Scheaff TC 22</mark></strong><br><br><strong>Einsatzgewicht:&nbsp;</strong>2200 KG<br><strong>Höhe:&nbsp;</strong>2,29m<br><strong>Breite:</strong>&nbsp;0,99m<br><strong>Ausstattung:</strong>&nbsp;Verschiedene Schaufeln möglich, Arbeitsscheinwerfer,&nbsp;&nbsp;<br>Rundumleuchte, verstellbares von 0,99m Fahrwerk auf &lt;XXX&gt; ausfahrbar<br><br><strong>Preis:</strong>&nbsp;110€ inkl. MwSt. pro Tag (zzgl. Anlieferung)<br><br><strong>mögliche Zusatzgeräte: </strong>Hydraulikhammer, Schwenkschaufel, Kegelspalter, Erdbohrer auf Anfrage</td><td><img loading="lazy" decoding="async" width="652" height="489" class="wp-image-52" style="width: 652px;" src="http://mvd-molnar.de/wp-content/uploads/2023/06/IMG_8510-scaled.jpg" alt="" srcset="https://mvd-molnar.de/wp-content/uploads/2023/06/IMG_8510-scaled.jpg 2560w, https://mvd-molnar.de/wp-content/uploads/2023/06/IMG_8510-300x225.jpg 300w, https://mvd-molnar.de/wp-content/uploads/2023/06/IMG_8510-1024x768.jpg 1024w, https://mvd-molnar.de/wp-content/uploads/2023/06/IMG_8510-768x576.jpg 768w, https://mvd-molnar.de/wp-content/uploads/2023/06/IMG_8510-1536x1152.jpg 1536w, https://mvd-molnar.de/wp-content/uploads/2023/06/IMG_8510-2048x1536.jpg 2048w" sizes="(max-width: 652px) 100vw, 652px" /></td></tr><tr><td><img loading="lazy" decoding="async" width="680" height="510" class="wp-image-57" style="width: 680px;" src="http://mvd-molnar.de/wp-content/uploads/2023/06/IMG_0847-scaled.jpg" alt="" srcset="https://mvd-molnar.de/wp-content/uploads/2023/06/IMG_0847-scaled.jpg 2560w, https://mvd-molnar.de/wp-content/uploads/2023/06/IMG_0847-300x225.jpg 300w, https://mvd-molnar.de/wp-content/uploads/2023/06/IMG_0847-1024x768.jpg 1024w, https://mvd-molnar.de/wp-content/uploads/2023/06/IMG_0847-768x576.jpg 768w, https://mvd-molnar.de/wp-content/uploads/2023/06/IMG_0847-1536x1152.jpg 1536w, https://mvd-molnar.de/wp-content/uploads/2023/06/IMG_0847-2048x1536.jpg 2048w" sizes="(max-width: 680px) 100vw, 680px" /></td><td><mark style="background-color:rgba(0, 0, 0, 0)" class="has-inline-color has-vivid-red-color"><strong>Yanmar VIO 10</strong><br></mark><br><strong>Einsatzgewicht:&nbsp;</strong>1220 KG<br><strong>Höhe:&nbsp;</strong>1,42m<br><strong>Breite:&nbsp;</strong>0,83m<br><strong>Ausstattung:</strong>&nbsp;Verschiedene Schaufeln möglich, Arbeitsscheinwerfer, Klappbarer Überrollbügel,<br>verstellbares Fahrwerk von 83cm auf &lt;XXX&gt; ausfahrbar<br><br><strong>Preis:&nbsp;</strong>100€ inkl. MwSt. pro Tag (zzgl. Anlieferung)<br><br><strong>mögliche Zusatzgeräte:</strong>&nbsp;Hydraulikhammer, Schwenkschaufel, Kegelspalter,<br>Erdbohrer auf Anfrage</td></tr><tr><td><mark style="background-color:rgba(0, 0, 0, 0)" class="has-inline-color has-vivid-red-color"><strong>Jansen Dumper RD500</strong><br></mark><br><strong>Einsatzgewicht:</strong>&nbsp;400 KG<br><strong>Höhe:&nbsp;</strong>1,4m<br><strong>Breite:</strong>&nbsp;0,72m<br><strong>Zusatzausrüstung</strong>: Aufsteckboardwand für mehr Volumen in der Mulde<br><strong>Ausstattung:</strong>&nbsp;Bis zu 500 KG zuladung, Schnellgang für weite Strecken<br><strong>Preis:</strong>&nbsp;65€ inkl. MwSt. Pro Tag (zzgl. Anlieferung)</td><td></td></tr><tr><td><img loading="lazy" decoding="async" width="381" height="508" class="wp-image-62" style="width: 381px;" src="http://mvd-molnar.de/wp-content/uploads/2023/06/IMG_0244-scaled.jpg" alt="" srcset="https://mvd-molnar.de/wp-content/uploads/2023/06/IMG_0244-scaled.jpg 1920w, https://mvd-molnar.de/wp-content/uploads/2023/06/IMG_0244-225x300.jpg 225w, https://mvd-molnar.de/wp-content/uploads/2023/06/IMG_0244-768x1024.jpg 768w, https://mvd-molnar.de/wp-content/uploads/2023/06/IMG_0244-1152x1536.jpg 1152w, https://mvd-molnar.de/wp-content/uploads/2023/06/IMG_0244-1536x2048.jpg 1536w" sizes="(max-width: 381px) 100vw, 381px" /></td><td><strong><mark style="background-color:rgba(0, 0, 0, 0)" class="has-inline-color has-vivid-red-color">Hydraulikhammer</mark></strong><br><br><strong>Gewichtsklasse Trägergerät:</strong> 1200-2500 KG<br><strong>Einsatzgewicht:</strong> 120 KG<br><strong>Meißel Durchmesser:</strong> 40mm<br><strong>Aufnahmeplatte:</strong> MS01<br><strong>Verschlauchung:</strong> Schlauch und Schraubkupplung BG3</td></tr><tr><td><strong><mark style="background-color:rgba(0, 0, 0, 0)" class="has-inline-color has-vivid-red-color">Kegelspalter</mark></strong><br><br><strong>Gewichtsklasse: </strong>1000 &#8211; 2500 KG<br><strong>Einsatzgewicht:</strong> 73 KG<br><br><strong>Kegeldurchmesser:</strong><br><strong>Aufnahmeplatte:</strong> MS01<br><strong>Verschlauchung:</strong> Schlauch und Schraubkupplung BG3</td><td><img loading="lazy" decoding="async" width="609" height="457" class="wp-image-58" style="width: 609px;" src="http://mvd-molnar.de/wp-content/uploads/2023/06/IMG_0227ds-scaled.jpg" alt="" srcset="https://mvd-molnar.de/wp-content/uploads/2023/06/IMG_0227ds-scaled.jpg 2560w, https://mvd-molnar.de/wp-content/uploads/2023/06/IMG_0227ds-300x225.jpg 300w, https://mvd-molnar.de/wp-content/uploads/2023/06/IMG_0227ds-1024x768.jpg 1024w, https://mvd-molnar.de/wp-content/uploads/2023/06/IMG_0227ds-768x576.jpg 768w, https://mvd-molnar.de/wp-content/uploads/2023/06/IMG_0227ds-1536x1152.jpg 1536w, https://mvd-molnar.de/wp-content/uploads/2023/06/IMG_0227ds-2048x1536.jpg 2048w" sizes="(max-width: 609px) 100vw, 609px" /></td></tr><tr><td><img loading="lazy" decoding="async" width="534" height="401" class="wp-image-55" style="width: 534px;" src="http://mvd-molnar.de/wp-content/uploads/2023/06/IMG_8497-scaled.jpg" alt="" srcset="https://mvd-molnar.de/wp-content/uploads/2023/06/IMG_8497-scaled.jpg 2560w, https://mvd-molnar.de/wp-content/uploads/2023/06/IMG_8497-300x225.jpg 300w, https://mvd-molnar.de/wp-content/uploads/2023/06/IMG_8497-1024x768.jpg 1024w, https://mvd-molnar.de/wp-content/uploads/2023/06/IMG_8497-768x576.jpg 768w, https://mvd-molnar.de/wp-content/uploads/2023/06/IMG_8497-1536x1152.jpg 1536w, https://mvd-molnar.de/wp-content/uploads/2023/06/IMG_8497-2048x1536.jpg 2048w" sizes="(max-width: 534px) 100vw, 534px" /></td><td><strong><mark style="background-color:rgba(0, 0, 0, 0)" class="has-inline-color has-vivid-red-color">Rüttelplatte</mark></strong><br><br><strong>Einsatzgewicht:</strong>&nbsp;92 KG<br><br><strong>Ausstattung:</strong>&nbsp;Gummimatte für Pflasterarbeiten, Fahrwerk für leichten Transport<br><br>Transportieren<br><strong>Plattenbreite:</strong>&nbsp;42 cm</td></tr><tr><td><strong><mark style="background-color:rgba(0, 0, 0, 0)" class="has-inline-color has-vivid-red-color">Rüttelplatte Baumax<br></mark></strong><br><strong>Einsatzgewicht:</strong>&nbsp;163 KG<br><strong>Ausstattung:</strong>&nbsp;Gummimatte für Pflasterarbeiten, Fahrwerk für leichten Transport<br><strong>Plattenbreite:</strong>&nbsp;50cm</td><td></td></tr><tr><td><img loading="lazy" decoding="async" width="568" height="426" class="wp-image-54" style="width: 568px;" src="http://mvd-molnar.de/wp-content/uploads/2023/06/IMG_8501-scaled.jpg" alt="" srcset="https://mvd-molnar.de/wp-content/uploads/2023/06/IMG_8501-scaled.jpg 2560w, https://mvd-molnar.de/wp-content/uploads/2023/06/IMG_8501-300x225.jpg 300w, https://mvd-molnar.de/wp-content/uploads/2023/06/IMG_8501-1024x768.jpg 1024w, https://mvd-molnar.de/wp-content/uploads/2023/06/IMG_8501-768x576.jpg 768w, https://mvd-molnar.de/wp-content/uploads/2023/06/IMG_8501-1536x1152.jpg 1536w, https://mvd-molnar.de/wp-content/uploads/2023/06/IMG_8501-2048x1536.jpg 2048w" sizes="(max-width: 568px) 100vw, 568px" /></td><td><strong><mark style="background-color:rgba(0, 0, 0, 0)" class="has-inline-color has-vivid-red-color">Stampfer</mark></strong><br><br><strong>Einsatzgewicht:&nbsp;</strong>89 KG<br><br><strong>Ausstattung:&nbsp;</strong>Fahrwerk für leichtes Transportieren<br><strong>Plattenbreite:</strong>&nbsp;28,5 cm</td></tr><tr><td><strong><mark style="background-color:rgba(0, 0, 0, 0)" class="has-inline-color has-vivid-red-color">Steinsäge Baumax</mark></strong><br><br><strong>Gewicht:</strong>&nbsp;70 KG<br><strong>max. Schnitttiefe:</strong>&nbsp;110 mm bei 90° / 60 mm bei 45°<br><strong>max. Schnittlänge:&nbsp;</strong>80cm<br><strong>Steinart:</strong>&nbsp;Randsteinen, Betonpflaster, Klinker, Randsteine / Rasenkantensteine, Fliesen, Terrassenplatten, Natursteinpflaster, Kalksandstein, Dachziegeln, usw.</td><td></td></tr><tr><td></td><td><strong><mark style="background-color:rgba(0, 0, 0, 0)" class="has-inline-color has-vivid-red-color">Schwenkschaufeln</mark></strong><br><br><strong>Gewichtsklasse Trägergerät:</strong><br><strong>Aufnahme:</strong>&nbsp;MS01<br><br><strong>Leergewicht:</strong><br><strong>Breite:</strong>&nbsp;80cm/100cm</td></tr><tr><td><mark style="background-color:rgba(0, 0, 0, 0)" class="has-inline-color has-vivid-red-color"><strong>Starrelöffel</strong></mark><br><br><strong>Gewichtsklasse Trägergerät:</strong><br><strong>Aufnahme:</strong>&nbsp;MS01<br><strong>Breiten:</strong>&nbsp;300cm, 400cm, 500cm, 600cm</td><td></td></tr><tr><td></td><td><mark style="background-color:rgba(0, 0, 0, 0)" class="has-inline-color has-vivid-red-color"><strong>Erdbohrer</strong></mark><br><br><strong>Eigengewicht:</strong>&nbsp;11,5 KG<br><br><strong>Bohrer größen:</strong>&nbsp;100cm/150cm/200cm<br><br><strong>Bohr tiefe:&nbsp;</strong>100cm</td></tr></tbody></table></figure>



<p></p>

<p>Scheaff TC 22 Einsatzgewicht:&nbsp;2200 KGHöhe:&nbsp;2,29mBreite:&nbsp;0,99mAusstattung:&nbsp;Verschiedene Schaufeln möglich, Arbeitsscheinwerfer,&nbsp;&nbsp;Rundumleuchte, verstellbares von 0,99m Fahrwerk auf &lt;XXX&gt; ausfahrbar Preis:&nbsp;110€ inkl. MwSt. pro Tag (zzgl. Anlieferung) mögliche Zusatzgeräte: Hydraulikhammer, Schwenkschaufel, Kegelspalter, Erdbohrer auf Anfrage Yanmar VIO 10Einsatzgewicht:&nbsp;1220 KGHöhe:&nbsp;1,42mBreite:&nbsp;0,83mAusstattung:&nbsp;Verschiedene Schaufeln möglich, Arbeitsscheinwerfer, Klappbarer Überrollbügel,verstellbares Fahrwerk</p>
